 + 5*m - 35915 + 10545 = 0, -5*y + t = -3*m. Is y a prime number?
True
Let w(l) = 100*l + 1. Suppose 3*n = 7*n + 12. Let z be n/(-5) - (-56)/40. Is w(z) prime?
False
Suppose 555576 = 4*i + 3*w - 416534, 2*i - 5*w - 486068 = 0. Is i prime?
False
Suppose 6*h + 2 = -c + 8*h, -2 = 3*c - 4*h. Let b(g) = -9 + 2*g + 2*g**3 - 9*g**c + 0*g - 8*g + 11*g. Is b(8) prime?
True
Suppose -18*l - 12 = 60. Let z(x) = -12*x**3 - x**2 + 15*x + 41. Is z(l) prime?
True
Let i be -5 + (-7)/14 + 2415/(-6). Let z = i - -541. Is z a prime number?
False
Let h be (0 - 2 - 0) + 21 + 2. Is 7/(h/32346) + -1 a prime number?
True
Let v(t) = 1927*t + 165. Let k be v(17). Suppose -w = 13*b - 8*b - 164604, -b + 3*w + k = 0. Is b a prime number?
False
Let z = 2008103 - 1044274. Is z composite?
True
Let d be (-2 + -6 + -11455)*-1. Suppose g + 2*p + 0*p = d, 3*g - 34405 = 2*p. Is g composite?
False
Let l = -60849 - -238352. Is l a prime number?
False
Let w(s) = 3603*s - 4147. Is w(106) a prime number?
True
Let t(a) = -10698*a**3 - 8*a**2 - 10*a + 2. Is t(-2) a prime number?
False
Let m = 125040 - -240049. Is m a prime number?
True
Let d(y) = -24*y + 27 - 2*y**2 - 7 + 5*y + y**2. Let t be d(-20). Suppose x - 2399 + 484 = t. Is x a prime number?
False
Suppose -54*o = -71*o + 350387. Is o composite?
False
Suppose -15 = 5*j - 10*j. Let f = -307 + 311. Suppose -j*u = f*i - 1013, -i + 6*i - 1268 = -2*u. Is i a composite number?
True
Is (-14)/(-693)*9 + (-41767353)/(-297) prime?
False
Let z be 6119 - -2 - (1 - 1 - 1). Suppose 0 = -5*s + 5*a - z + 37162, 5*s - 31042 = 3*a. Is s composite?
True
Let n(c) = 2251*c - 9. Let f = 2 + 0. Is n(f) a prime number?
True
Let g(u) = -u**2 + 4*u + 8. Suppose 5*i + 2*v - 4 - 25 = 0, 0 = 5*i + 4*v - 33. Let z be g(i). Is ((-34)/z)/(20/(-690)) prime?
False
Is (-22)/((-1650)/45) + 56/(-10) - -567162 a prime number?
False
Let d(i) = 127*i - 3. Let n(j) = j**3 + 14*j**2 + 23*j + 5. Let t be n(-12). Let c = t + -7. Is d(c) a prime number?
False
Suppose 2*b = 0, 3*t + b - 2*b - 16998 = 0. Let k be 69/(-21) + 3 - t/14. Let c = 634 - k. Is c prime?
True
Let p(t) = -28376*t**3 - 19*t**2 - 41*t - 3. Is p(-2) prime?
True
Let d(c) = 38*c - 314. Let l be d(8). Is (-24546)/24*(l - -6) composite?
False
Suppose 2*g - 86628 = -t, -8*t + 17*t = 18. Is g a composite number?
False
Let b = 8080 + -8084. Suppose 0*g = 5*g + 2*t + 24, -g + 2*t = 12. Is ((-7)/b)/(g/(-9816)) composite?
True
Let a = -4904 - -8430. Let y = 801 + a. Is y a composite number?
False
Let z be 1/((3 + (-728)/244)*1). Let i = z + -59. Suppose -4*v + 2346 = i*v. Is v composite?
True
Let h = 51 + 205. Suppose 276 = -2*q - h. Is (2/4)/((49/q)/(-7)) a prime number?
True
Let i(l) = -946*l**3 + 7*l**2 + 17*l + 357. Is i(-11) a composite number?
False
Let l = -896824 + 1476561. Is l a composite number?
False
Suppose -19 = -2*p + r, -2*p + r + 3*r + 34 = 0. Let j be 3*p/3*1. Is 1/(4/j + (-22345)/39165) a prime number?
False
Let a(n) = 6*n + 982288. Let w be a(0). Suppose 2*y + w = 248816. Is (-4)/26 - y/208 a prime number?
False
Let a = -2527 - -6884. Is a prime?
True
Is 8 - (-102040)/4 - 5 a composite number?
True
Suppose 0 = -3*q + q + 4*v + 10, v - 29 = -4*q. Suppose q*o + 7 = 7. Suppose 3*n = n, o = b + 2*n - 6139. Is b composite?
True
Suppose 2*f = 2*g - 20, -g - 165*f - 26 = -160*f. Suppose 3*z - 4*b + 15 = 0, 3*z = -b + 2*b - 24. Is 1896 + (g - -21*3/z) prime?
False
Let o = -1753 - -4985. Suppose 9*m = 5*m + 3*d + 6478, 2*m = -2*d + o. Is m a prime number?
False
Let b be ((-45)/(-2))/(-9)*-2. Suppose -4*f + 5*l + 11741 = 2*l, b*f + 4*l - 14684 = 0. Suppose -4*j + n + f = -3*n, 4*n + 1468 = 2*j. Is j prime?
False
Suppose -12*g - 11541 + 159417 = 0. Is g a composite number?
False
Let x(h) = 73*h**2 + 27*h + 53. Let z be x(-5). Suppose 0 = 2*d - z - 1643. Is d a prime number?
True
Let z(p) = -p**3 + 4*p**2 + 3*p + 11. Let o be z(5). Let s be 45/5*((-1)/(-3))/o. Suppose -1486 = -3*j + 4*m, -2*j + s*j + 4*m - 522 = 0. Is j composite?
True
Let q be -110488*23/((-1288)/48). Is (q/(-60))/(4/(-10)) composite?
True
Let t(d) = 96*d**2 + d. Let p be t(1). Suppose 7*v + p = 8*v. Let s = v - -282. Is s prime?
True
Let y(b) = 242*b + 51. Let l(o) = 727*o + 152. Let s(d) = -6*l(d) + 17*y(d). Is s(-19) prime?
False
Let i = 269220 + 803269. Is i a composite number?
True
Let j(v) = -2*v**3 + 22*v**2 - 2*v - 45. Let m(w) = w**3 + 3*w**2 - 6*w + 4. Let x be m(-5). Is j(x) a composite number?
True
Let f = -988 + 5864. Suppose 5*u = 2*j + 12166, f = 2*u - j - 3*j. Let w = u + 1401. Is w prime?
True
Let x = -946625 + 1730836. Is x a prime number?
True
Suppose -2161494 + 2640234 = 13*z - 3244213. Is z a composite number?
False
Let p(b) = -428*b - 12. Let i be p(5). Let w = 771 - i. Is w a composite number?
True
Suppose -4*k = 0, -6608 + 302143 = 5*c - k. Is c composite?
False
Let c(a) = -5162*a - 6534. Is c(-26) composite?
True
Let j(y) = -y**2 + 5*y - 8. Let g be j(2). Let w be 3*g*(-3)/9. Is 8/w + 7198/(6/3) prime?
False
Suppose -429363 = -3*o - m + 1512478, 0 = -3*o + 6*m + 1941855. Is o composite?
True
Suppose -7*k + 25 - 4 = 0. Suppose 4*h - 10793 = -5*a, 4*h - 10802 = -5*a + k*h. Is a a prime number?
True
Suppose -2*w = -a - 11719, a + 2682 - 20253 = -3*w. Let f = -1196 + w. Is (f/(-12) + -5)/(1/(-2)) a prime number?
True
Let t(l) = -92*l - 50. Let i be t(18). Let f = i + 2933. Is f a prime number?
False
Let i = 30858 - -36247. Is i a composite number?
True
Let y(d) = d - 8. Let z be y(-7). Let q = z + 17. Suppose -q*b + 664 = 2*t, 3*t = -b - b + 665. Is b prime?
True
Let t(q) = -3*q - 3. Let i be t(-3). Let h(c) = 10*c**3 + 4*c**2 - 17. Is h(i) a prime number?
True
Suppose -9*s = -545285 - 658546. Is s a prime number?
False
Let n = 34104 + -64306. Is n/(-14) - 2/(-77)*-11 a composite number?
True
Let a(z) = -4*z**3 - 34*z**2 + 41*z - 130. Is a(-21) a composite number?
False
Let j = -17 - -21. Suppose -4*m - j = 2*u, 3*u + m + 2 = -3*m. Suppose -1 = -4*l + 19, -u*o + 3411 = 5*l. Is o composite?
False
Let d be 2 + 8 - -1813 - 4/(-1). Suppose 0 = 5*b - 10, -a - 3*b + d + 1772 = 0. Is a composite?
False
Let d = 68 - 77. Let g(a) = a**3 + 9*a**2 + 4. Let r be g(d). Suppose 5*b + 0*b - 185 = -2*x, r*b = -4*x + 376. Is x a prime number?
False
Let t(b) = 5*b**3 - 3*b + 1. Let h(a) = -7*a - 11. Let l(x) = -3*x - 5. Let c(i) = -2*h(i) + 5*l(i). Let p be c(-6). Is t(p) a prime number?
True
Let u = 20 + -12. Suppose 0 = -u*z + 3212 + 2844. Is z a composite number?
False
Suppose -d = l - 17518, l - 2*d - 17524 = -5*d. Let a = 29850 - l. Is a a prime number?
False
Suppose -d = 2 + 6. Let m(r) = -r**3 - 9*r**2 - 7*r + 8. Let z be m(d). Is z/(1 - 4) + 419 composite?
False
Suppose 8*o - 1065619 = 326805. Is o a composite number?
True
Suppose 1444223 = 6695*m - 6684*m. Is m a composite number?
False
Let z = -139 + 120. Let q(n) = n**3 + 26*n**2 - 9*n + 3. Is q(z) a composite number?
True
Let g(i) = -146*i - 193. Let v = -333 + 291. Is g(v) a composite number?
False
Is (5/(100/4297768))/((-12)/(-30) + 0) a prime number?
True
Suppose 5*f - 4*g = 4*f + 10, -2*g - 26 = -4*f. Let c(n) = 37*n**2 - 8*n - 1. Is c(f) a composite number?
False
Let d = -9 - -11. Let t(n) = n**3 - n**2 + 2*n - 3. Let z be t(d). Suppose 5*v - 2130 - 1450 = -5*k, z*v - 3*k - 3604 = 0. Is v a composite number?
False
Let n(r) = 10*r + 316. Let p be n(-31). Let f(v) = 14*v + 43. Is f(p) a prime number?
True
Suppose 545321 = -31*v - 0*v. Let x = v - -26254. Is x a prime number?
True
Suppose 27*d + 7706 - 105500 = 0. Suppose a - 4*i - d = 0, -12*i + 10*i = -2*a + 7214. Is a prime?
False
Let g = -188977 + 389490. Is g composite?
False
Suppose 3*o = 4*z + 56207, -2*o + 58233 = -3*z + 20762. Is o composite?
True
Suppose 3*v - v = -0*v. Suppose -28*o + 31*o - 6114 = v. Let x = 3701 - o. Is x prime?
True
Suppose -15*c = 9*c - 696. Suppose 5*o - c*o = -564552. Is o a prime number?
False
Let y(k) = -3116*k**2 + 8*k + 3. Let i be y(-4). Is ((-12)/(-20))/((-11)/i) a composite number?
True
Let b(r) be the second derivative of r**5/4 + 5*r**4/6 + r**3/2 + 46*r**2 - 4*r - 15. Is b(10) a prime number?
False
Let l(x) = 158*x**2 - 1055. Is l(-39) prime?
True
Suppose 448*v = 457*v + 54. Is 3585 + (-16)/(-6) + 4/v a prime number?
False
Let t be ((-3)/(-9))/(6/(-18)) - -45476. Suppose a - 9